{"id":74,"date":"2025-03-01T15:15:30","date_gmt":"2025-03-01T15:15:30","guid":{"rendered":"https:\/\/acheterketamine.com\/?page_id=74"},"modified":"2025-03-01T15:15:30","modified_gmt":"2025-03-01T15:15:30","slug":"avis-de-vrais-clients-france","status":"publish","type":"page","link":"https:\/\/acheterketamine.com\/index.php\/avis-de-vrais-clients-france\/","title":{"rendered":"Avis de vrais clients France"},"content":{"rendered":"<ul>\n<li data-start=\"225\" data-end=\"413\">\n<p data-start=\"228\" data-end=\"413\"><strong data-start=\"228\" data-end=\"244\">Marie, Par\u00eds<\/strong> : \u00ab J&rsquo;ai achet\u00e9 de la k\u00e9tamine th\u00e9rapeutique sur acheterketamine.com et j&rsquo;ai \u00e9t\u00e9 agr\u00e9ablement surprise par la rapidit\u00e9 de la livraison. Tr\u00e8s professionnel et s\u00e9rieux. \u00bb<\/p>\n<\/li>\n<li data-start=\"415\" data-end=\"568\">\n<p data-start=\"418\" data-end=\"568\"><strong data-start=\"418\" data-end=\"434\">Pierre, Lyon<\/strong> : \u00ab Tr\u00e8s satisfait de l&rsquo;achat de la k\u00e9tamine th\u00e9rapeutique. Le site est clair, facile \u00e0 naviguer, et le service client est r\u00e9actif. \u00bb<\/p>\n<\/li>\n<li data-start=\"570\" data-end=\"740\">\n<p data-start=\"573\" data-end=\"740\"><strong data-start=\"573\" data-end=\"594\">Sophie, Marseille<\/strong> : \u00ab Acheterketamine.com m&rsquo;a permis de trouver un traitement dont j&rsquo;avais besoin. Le processus \u00e9tait simple et s\u00e9curis\u00e9. Je recommande vivement. \u00bb<\/p>\n<\/li>\n<li data-start=\"742\" data-end=\"908\">\n<p data-start=\"745\" data-end=\"908\"><strong data-start=\"745\" data-end=\"764\">David, Toulouse<\/strong> : \u00ab Je suis impressionn\u00e9 par la qualit\u00e9 du service. Livraison rapide et produits de qualit\u00e9. Site fiable pour les traitements th\u00e9rapeutiques. \u00bb<\/p>\n<\/li>\n<li data-start=\"910\" data-end=\"1075\">\n<p data-start=\"913\" data-end=\"1075\"><strong data-start=\"913\" data-end=\"932\">Clara, Bordeaux<\/strong> : \u00ab J&rsquo;ai essay\u00e9 plusieurs sites, mais celui-ci est le plus fiable. La k\u00e9tamine est arriv\u00e9e en bon \u00e9tat et dans les d\u00e9lais. Tr\u00e8s bon service. \u00bb<\/p>\n<\/li>\n<li data-start=\"1077\" data-end=\"1223\">\n<p data-start=\"1080\" data-end=\"1223\"><strong data-start=\"1080\" data-end=\"1098\">Michel, Nantes<\/strong> : \u00ab Le site est facile \u00e0 utiliser et le processus de commande est simple. J\u2019ai trouv\u00e9 ce que je cherchais sans difficult\u00e9. \u00bb<\/p>\n<\/li>\n<li data-start=\"1225\" data-end=\"1373\">\n<p data-start=\"1228\" data-end=\"1373\"><strong data-start=\"1228\" data-end=\"1244\">Julie, Lille<\/strong> : \u00ab Tr\u00e8s contente de mon exp\u00e9rience sur acheterketamine.com. La livraison a \u00e9t\u00e9 rapide et le produit a r\u00e9pondu \u00e0 mes attentes. \u00bb<\/p>\n<\/li>\n<li data-start=\"1375\" data-end=\"1553\">\n<p data-start=\"1378\" data-end=\"1553\"><strong data-start=\"1378\" data-end=\"1393\">Lucas, Nice<\/strong> : \u00ab Je cherchais une solution pour un traitement th\u00e9rapeutique sp\u00e9cifique et j&rsquo;ai trouv\u00e9 ce site tr\u00e8s professionnel. Je reviendrai pour mes prochains achats. \u00bb<\/p>\n<\/li>\n<li data-start=\"1555\" data-end=\"1703\">\n<p data-start=\"1558\" data-end=\"1703\"><strong data-start=\"1558\" data-end=\"1580\">Alice, Montpellier<\/strong> : \u00ab Une exp\u00e9rience positive. L&rsquo;\u00e9quipe r\u00e9pond rapidement \u00e0 toutes les questions. Tr\u00e8s satisfait de la qualit\u00e9 du service. \u00bb<\/p>\n<\/li>\n<li data-start=\"1705\" data-end=\"1852\">\n<p data-start=\"1709\" data-end=\"1852\"><strong data-start=\"1709\" data-end=\"1727\">Thomas, Rennes<\/strong> : \u00ab J&rsquo;avais des doutes au d\u00e9part, mais apr\u00e8s avoir re\u00e7u ma commande rapidement, je peux affirmer que c&rsquo;est un site fiable. \u00bb<\/p>\n<\/li>\n<li data-start=\"1854\" data-end=\"2018\">\n<p data-start=\"1858\" data-end=\"2018\"><strong data-start=\"1858\" data-end=\"1878\">Emma, Strasbourg<\/strong> : \u00ab Acheterketamine.com a \u00e9t\u00e9 une excellente d\u00e9couverte. Le service est rapide et s\u00e9curis\u00e9. Je recommande pour des achats th\u00e9rapeutiques. \u00bb<\/p>\n<\/li>\n<li data-start=\"2020\" data-end=\"2156\">\n<p data-start=\"2024\" data-end=\"2156\"><strong data-start=\"2024\" data-end=\"2045\">Antoine, Grenoble<\/strong> : \u00ab Tr\u00e8s bonne exp\u00e9rience d&rsquo;achat. Le site est clair et la livraison est effectu\u00e9e dans les d\u00e9lais annonc\u00e9s. \u00bb<\/p>\n<\/li>\n<li data-start=\"2158\" data-end=\"2304\">\n<p data-start=\"2162\" data-end=\"2304\"><strong data-start=\"2162\" data-end=\"2188\">Chlo\u00e9, Aix-en-Provence<\/strong> : \u00ab Un site s\u00e9rieux avec une exp\u00e9dition rapide. J&rsquo;ai trouv\u00e9 ce que je cherchais, et tout s&rsquo;est pass\u00e9 comme pr\u00e9vu. \u00bb<\/p>\n<\/li>\n<li data-start=\"2306\" data-end=\"2445\">\n<p data-start=\"2310\" data-end=\"2445\"><strong data-start=\"2310\" data-end=\"2338\">Julien, Clermont-Ferrand<\/strong> : \u00ab Commande effectu\u00e9e facilement, service client au top. Livraison en temps et en heure. Je recommande. \u00bb<\/p>\n<\/li>\n<li data-start=\"2447\" data-end=\"2587\">\n<p data-start=\"2451\" data-end=\"2587\"><strong data-start=\"2451\" data-end=\"2469\">Camille, Dijon<\/strong> : \u00ab Excellente exp\u00e9rience d&rsquo;achat. Site clair et efficace. J&rsquo;ai pu commander la k\u00e9tamine th\u00e9rapeutique sans soucis. \u00bb<\/p>\n<\/li>\n<li data-start=\"2589\" data-end=\"2716\">\n<p data-start=\"2593\" data-end=\"2716\"><strong data-start=\"2593\" data-end=\"2607\">L\u00e9o, Lille<\/strong> : \u00ab Une commande rapide et un service tr\u00e8s professionnel. Je suis tr\u00e8s satisfait du produit que j&rsquo;ai re\u00e7u. \u00bb<\/p>\n<\/li>\n<li data-start=\"2718\" data-end=\"2879\">\n<p data-start=\"2722\" data-end=\"2879\"><strong data-start=\"2722\" data-end=\"2738\">\u00c9lise, Paris<\/strong> : \u00ab Le site est bien con\u00e7u et la qualit\u00e9 des produits est au rendez-vous. La livraison a \u00e9t\u00e9 rapide et je suis tr\u00e8s contente de mon achat. \u00bb<\/p>\n<\/li>\n<li data-start=\"2881\" data-end=\"3009\">\n<p data-start=\"2885\" data-end=\"3009\"><strong data-start=\"2885\" data-end=\"2905\">Fran\u00e7ois, Toulon<\/strong> : \u00ab Livraison rapide, produit de qualit\u00e9. Je n&rsquo;ai eu aucun probl\u00e8me avec ma commande. Tr\u00e8s satisfait. \u00bb<\/p>\n<\/li>\n<li data-start=\"3011\" data-end=\"3143\">\n<p data-start=\"3015\" data-end=\"3143\"><strong data-start=\"3015\" data-end=\"3034\">Isabelle, Reims<\/strong> : \u00ab Tr\u00e8s bonne exp\u00e9rience d&rsquo;achat. Le site est facile \u00e0 utiliser et j&rsquo;ai re\u00e7u mon produit dans les d\u00e9lais. \u00bb<\/p>\n<\/li>\n<li data-start=\"3145\" data-end=\"3292\">\n<p data-start=\"3149\" data-end=\"3292\"><strong data-start=\"3149\" data-end=\"3169\">Maxime, Le Havre<\/strong> : \u00ab Acheterketamine.com est un site fiable et s\u00e9rieux. La commande est simple et le produit est conforme \u00e0 mes attentes. \u00bb<\/p>\n<\/li>\n<\/ul>\n<div class='smartthreema_box'><img src='https:\/\/acheterketamine.com\/wp-content\/plugins\/smart-threema\/images\/floating-button-threema-klein.png' class='smartthreema_img'><a href='https:\/\/three.ma\/JHXT6HHA' target='_blank' class='smartthreema_link'>Please Download Threema App<\/a><br><div class='smartthreema_minimsg'>to your Mobile Device and click again<\/div><\/div>","protected":false},"excerpt":{"rendered":"<p>Marie, Par\u00eds : \u00ab J&rsquo;ai achet\u00e9 de la k\u00e9tamine th\u00e9rapeutique sur acheterketamine.com et j&rsquo;ai \u00e9t\u00e9 agr\u00e9ablement surprise par la rapidit\u00e9 de la livraison. Tr\u00e8s professionnel et s\u00e9rieux. \u00bb Pierre, Lyon : \u00ab Tr\u00e8s satisfait de l&rsquo;achat de la k\u00e9tamine th\u00e9rapeutique&#8230;. <a href=\"https:\/\/acheterketamine.com\/index.php\/avis-de-vrais-clients-france\/\" class=\"readmore\">Read more<span class=\"screen-reader-text\">Avis de vrais clients France<\/span><span class=\"fa fa-angle-double-right\" aria-hidden=\"true\"><\/span><\/a><\/p>\n","protected":false},"author":1,"featured_media":0,"parent":0,"menu_order":0,"comment_status":"closed","ping_status":"closed","template":"","meta":{"footnotes":""},"class_list":["post-74","page","type-page","status-publish","hentry"],"yoast_head":"<!-- This site is optimized with the Yoast SEO plugin v27.4 - https:\/\/yoast.com\/product\/yoast-seo-wordpress\/ -->\n<title>Avis de vrais clients France - Acheter Ketamine France - +34617763108 - whatsapp signal telegram- panterarosa1772@gmail.com - Ketamine France Shop - O&ugrave; puis-je acheter de la k&eacute;tamine en ligne en France ? - ACHETER KETAMINE EN POUDRE - Threema:CJBZ5SZX&ndash; Nestor - Exp&eacute;dition depuis la France et les Pays-Bas rapide et s&ucirc;re<\/title>\n<meta name=\"description\" content=\"Avis de vrais clients France\" \/>\n<meta name=\"robots\" content=\"index, follow, max-snippet:-1, max-image-preview:large, max-video-preview:-1\" \/>\n<link rel=\"canonical\" href=\"https:\/\/acheterketamine.com\/index.php\/avis-de-vrais-clients-france\/\" \/>\n<meta property=\"og:locale\" content=\"fr_FR\" \/>\n<meta property=\"og:type\" content=\"article\" \/>\n<meta property=\"og:title\" content=\"Avis de vrais clients France - Acheter Ketamine France - +34617763108 - whatsapp signal telegram- panterarosa1772@gmail.com - Ketamine France Shop - O&ugrave; puis-je acheter de la k&eacute;tamine en ligne en France ? - ACHETER KETAMINE EN POUDRE - Threema:CJBZ5SZX&ndash; Nestor - Exp&eacute;dition depuis la France et les Pays-Bas rapide et s&ucirc;re\" \/>\n<meta property=\"og:description\" content=\"Avis de vrais clients France\" \/>\n<meta property=\"og:url\" content=\"https:\/\/acheterketamine.com\/index.php\/avis-de-vrais-clients-france\/\" \/>\n<meta property=\"og:site_name\" content=\"Acheter Ketamine France - +34617763108 - whatsapp signal telegram- panterarosa1772@gmail.com - Ketamine France Shop - O&ugrave; puis-je acheter de la k&eacute;tamine en ligne en France ? - ACHETER KETAMINE EN POUDRE - Threema:CJBZ5SZX&ndash; Nestor - Exp&eacute;dition depuis la France et les Pays-Bas rapide et s&ucirc;re\" \/>\n<meta name=\"twitter:card\" content=\"summary_large_image\" \/>\n<meta name=\"twitter:label1\" content=\"Dur\u00e9e de lecture estim\u00e9e\" \/>\n\t<meta name=\"twitter:data1\" content=\"3 minutes\" \/>\n<script type=\"application\/ld+json\" class=\"yoast-schema-graph\">{\"@context\":\"https:\\\/\\\/schema.org\",\"@graph\":[{\"@type\":\"WebPage\",\"@id\":\"https:\\\/\\\/acheterketamine.com\\\/index.php\\\/avis-de-vrais-clients-france\\\/\",\"url\":\"https:\\\/\\\/acheterketamine.com\\\/index.php\\\/avis-de-vrais-clients-france\\\/\",\"name\":\"Avis de vrais clients France - Acheter Ketamine France - +34617763108 - whatsapp signal telegram- panterarosa1772@gmail.com - Ketamine France Shop - O&ugrave; puis-je acheter de la k&eacute;tamine en ligne en France ? - ACHETER KETAMINE EN POUDRE - Threema:CJBZ5SZX&ndash; Nestor - Exp&eacute;dition depuis la France et les Pays-Bas rapide et s&ucirc;re\",\"isPartOf\":{\"@id\":\"https:\\\/\\\/acheterketamine.com\\\/#website\"},\"datePublished\":\"2025-03-01T15:15:30+00:00\",\"description\":\"Avis de vrais clients France\",\"breadcrumb\":{\"@id\":\"https:\\\/\\\/acheterketamine.com\\\/index.php\\\/avis-de-vrais-clients-france\\\/#breadcrumb\"},\"inLanguage\":\"fr-FR\",\"potentialAction\":[{\"@type\":\"ReadAction\",\"target\":[\"https:\\\/\\\/acheterketamine.com\\\/index.php\\\/avis-de-vrais-clients-france\\\/\"]}]},{\"@type\":\"BreadcrumbList\",\"@id\":\"https:\\\/\\\/acheterketamine.com\\\/index.php\\\/avis-de-vrais-clients-france\\\/#breadcrumb\",\"itemListElement\":[{\"@type\":\"ListItem\",\"position\":1,\"name\":\"Accueil\",\"item\":\"https:\\\/\\\/acheterketamine.com\\\/\"},{\"@type\":\"ListItem\",\"position\":2,\"name\":\"Avis de vrais clients France\"}]},{\"@type\":\"WebSite\",\"@id\":\"https:\\\/\\\/acheterketamine.com\\\/#website\",\"url\":\"https:\\\/\\\/acheterketamine.com\\\/\",\"name\":\"Acheter Ketamine France - +34617763108 - whatsapp signal telegram- panterarosa1772@gmail.com - Ketamine France Shop - O&ugrave; puis-je acheter de la k&eacute;tamine en ligne en France ? - ACHETER KETAMINE EN POUDRE - Threema:CJBZ5SZX&ndash; Nestor - Exp&eacute;dition depuis la France et les Pays-Bas rapide et s&ucirc;re\",\"description\":\"acheter k\u00e9tamine, k\u00e9tamine en poudre, boutique de k\u00e9tamine, livraison \u00e0 domicile k\u00e9tamine, acheter k\u00e9tamine France, k\u00e9tamine de haute qualit\u00e9, k\u00e9tamine test\u00e9e en laboratoire, service client k\u00e9tamine, exp\u00e9dition discr\u00e8te, produits de k\u00e9tamine, acheter en ligne, pharmacie k\u00e9tamine, k\u00e9tamine pour la sant\u00e9, utilisation de la k\u00e9tamine, effets de la k\u00e9tamine, s\u00e9curit\u00e9 de la k\u00e9tamine, m\u00e9thodes de livraison, paiement s\u00e9curis\u00e9, boutique en ligne France, produits de sant\u00e9, k\u00e9tamine pour la douleur, acheter deux m\u00e9dicaments, assistance en ligne, FAQ k\u00e9tamine, communaut\u00e9 de utilisateurs de k\u00e9tamine, meilleures pratiques, exp\u00e9riences de clients, t\u00e9moignages sur la k\u00e9tamine, comment utiliser la k\u00e9tamine, dosage de k\u00e9tamine, recommandations de dosage, s\u00e9curit\u00e9 des m\u00e9dicaments, effets secondaires de la k\u00e9tamine, traitement de la d\u00e9pression, m\u00e9decine alternative, sant\u00e9 mentale, th\u00e9rapie assist\u00e9e par la k\u00e9tamine, recherche sur la k\u00e9tamine, l\u00e9gislation sur la k\u00e9tamine, conseils d&#039;experts, achat s\u00e9curis\u00e9 en ligne, consultation m\u00e9dicale, soutien psychologique, ressources m\u00e9dicales, informations sur la k\u00e9tamine, discussions sur la k\u00e9tamine, d\u00e9veloppement de produits, qualit\u00e9 de service, engagement envers la qualit\u00e9, s\u00e9curit\u00e9 des transactions, satisfaction client, am\u00e9liorations continues, \u00e9thique d&#039;entreprise, livraison rapide, accessibilit\u00e9 des produits, approvisionnement responsable, relations clients, solutions de sant\u00e9.\",\"publisher\":{\"@id\":\"https:\\\/\\\/acheterketamine.com\\\/#organization\"},\"potentialAction\":[{\"@type\":\"SearchAction\",\"target\":{\"@type\":\"EntryPoint\",\"urlTemplate\":\"https:\\\/\\\/acheterketamine.com\\\/?s={search_term_string}\"},\"query-input\":{\"@type\":\"PropertyValueSpecification\",\"valueRequired\":true,\"valueName\":\"search_term_string\"}}],\"inLanguage\":\"fr-FR\"},{\"@type\":\"Organization\",\"@id\":\"https:\\\/\\\/acheterketamine.com\\\/#organization\",\"name\":\"Acheter Ketamine France - +34617763108 - whatsapp signal telegram- panterarosa1772@gmail.com - Ketamine France Shop - O&ugrave; puis-je acheter de la k&eacute;tamine en ligne en France ? - ACHETER KETAMINE EN POUDRE - Threema:CJBZ5SZX&ndash; Nestor - Exp&eacute;dition depuis la France et les Pays-Bas rapide et s&ucirc;re\",\"url\":\"https:\\\/\\\/acheterketamine.com\\\/\",\"logo\":{\"@type\":\"ImageObject\",\"inLanguage\":\"fr-FR\",\"@id\":\"https:\\\/\\\/acheterketamine.com\\\/#\\\/schema\\\/logo\\\/image\\\/\",\"url\":\"https:\\\/\\\/acheterketamine.com\\\/wp-content\\\/uploads\\\/2024\\\/10\\\/cropped-ketamine3.jpeg\",\"contentUrl\":\"https:\\\/\\\/acheterketamine.com\\\/wp-content\\\/uploads\\\/2024\\\/10\\\/cropped-ketamine3.jpeg\",\"width\":768,\"height\":154,\"caption\":\"Acheter Ketamine France - +34617763108 - whatsapp signal telegram-  panterarosa1772@gmail.com - Ketamine France Shop - O&ugrave; puis-je acheter de la k&eacute;tamine en ligne en France ? - ACHETER KETAMINE EN POUDRE - Threema:CJBZ5SZX&ndash; Nestor - Exp&eacute;dition depuis la France et les Pays-Bas rapide et s&ucirc;re\"},\"image\":{\"@id\":\"https:\\\/\\\/acheterketamine.com\\\/#\\\/schema\\\/logo\\\/image\\\/\"}}]}<\/script>\n<!-- \/ Yoast SEO plugin. -->","yoast_head_json":{"title":"Avis de vrais clients France - Acheter Ketamine France - +34617763108 - whatsapp signal telegram- panterarosa1772@gmail.com - Ketamine France Shop - O&ugrave; puis-je acheter de la k&eacute;tamine en ligne en France ? - ACHETER KETAMINE EN POUDRE - Threema:CJBZ5SZX&ndash; Nestor - Exp&eacute;dition depuis la France et les Pays-Bas rapide et s&ucirc;re","description":"Avis de vrais clients France","robots":{"index":"index","follow":"follow","max-snippet":"max-snippet:-1","max-image-preview":"max-image-preview:large","max-video-preview":"max-video-preview:-1"},"canonical":"https:\/\/acheterketamine.com\/index.php\/avis-de-vrais-clients-france\/","og_locale":"fr_FR","og_type":"article","og_title":"Avis de vrais clients France - Acheter Ketamine France - +34617763108 - whatsapp signal telegram- panterarosa1772@gmail.com - Ketamine France Shop - O&ugrave; puis-je acheter de la k&eacute;tamine en ligne en France ? - ACHETER KETAMINE EN POUDRE - Threema:CJBZ5SZX&ndash; Nestor - Exp&eacute;dition depuis la France et les Pays-Bas rapide et s&ucirc;re","og_description":"Avis de vrais clients France","og_url":"https:\/\/acheterketamine.com\/index.php\/avis-de-vrais-clients-france\/","og_site_name":"Acheter Ketamine France - +34617763108 - whatsapp signal telegram- panterarosa1772@gmail.com - Ketamine France Shop - O&ugrave; puis-je acheter de la k&eacute;tamine en ligne en France ? - ACHETER KETAMINE EN POUDRE - Threema:CJBZ5SZX&ndash; Nestor - Exp&eacute;dition depuis la France et les Pays-Bas rapide et s&ucirc;re","twitter_card":"summary_large_image","twitter_misc":{"Dur\u00e9e de lecture estim\u00e9e":"3 minutes"},"schema":{"@context":"https:\/\/schema.org","@graph":[{"@type":"WebPage","@id":"https:\/\/acheterketamine.com\/index.php\/avis-de-vrais-clients-france\/","url":"https:\/\/acheterketamine.com\/index.php\/avis-de-vrais-clients-france\/","name":"Avis de vrais clients France - Acheter Ketamine France - +34617763108 - whatsapp signal telegram- panterarosa1772@gmail.com - Ketamine France Shop - O&ugrave; puis-je acheter de la k&eacute;tamine en ligne en France ? - ACHETER KETAMINE EN POUDRE - Threema:CJBZ5SZX&ndash; Nestor - Exp&eacute;dition depuis la France et les Pays-Bas rapide et s&ucirc;re","isPartOf":{"@id":"https:\/\/acheterketamine.com\/#website"},"datePublished":"2025-03-01T15:15:30+00:00","description":"Avis de vrais clients France","breadcrumb":{"@id":"https:\/\/acheterketamine.com\/index.php\/avis-de-vrais-clients-france\/#breadcrumb"},"inLanguage":"fr-FR","potentialAction":[{"@type":"ReadAction","target":["https:\/\/acheterketamine.com\/index.php\/avis-de-vrais-clients-france\/"]}]},{"@type":"BreadcrumbList","@id":"https:\/\/acheterketamine.com\/index.php\/avis-de-vrais-clients-france\/#breadcrumb","itemListElement":[{"@type":"ListItem","position":1,"name":"Accueil","item":"https:\/\/acheterketamine.com\/"},{"@type":"ListItem","position":2,"name":"Avis de vrais clients France"}]},{"@type":"WebSite","@id":"https:\/\/acheterketamine.com\/#website","url":"https:\/\/acheterketamine.com\/","name":"Acheter Ketamine France - +34617763108 - whatsapp signal telegram- panterarosa1772@gmail.com - Ketamine France Shop - O&ugrave; puis-je acheter de la k&eacute;tamine en ligne en France ? - ACHETER KETAMINE EN POUDRE - Threema:CJBZ5SZX&ndash; Nestor - Exp&eacute;dition depuis la France et les Pays-Bas rapide et s&ucirc;re","description":"acheter k\u00e9tamine, k\u00e9tamine en poudre, boutique de k\u00e9tamine, livraison \u00e0 domicile k\u00e9tamine, acheter k\u00e9tamine France, k\u00e9tamine de haute qualit\u00e9, k\u00e9tamine test\u00e9e en laboratoire, service client k\u00e9tamine, exp\u00e9dition discr\u00e8te, produits de k\u00e9tamine, acheter en ligne, pharmacie k\u00e9tamine, k\u00e9tamine pour la sant\u00e9, utilisation de la k\u00e9tamine, effets de la k\u00e9tamine, s\u00e9curit\u00e9 de la k\u00e9tamine, m\u00e9thodes de livraison, paiement s\u00e9curis\u00e9, boutique en ligne France, produits de sant\u00e9, k\u00e9tamine pour la douleur, acheter deux m\u00e9dicaments, assistance en ligne, FAQ k\u00e9tamine, communaut\u00e9 de utilisateurs de k\u00e9tamine, meilleures pratiques, exp\u00e9riences de clients, t\u00e9moignages sur la k\u00e9tamine, comment utiliser la k\u00e9tamine, dosage de k\u00e9tamine, recommandations de dosage, s\u00e9curit\u00e9 des m\u00e9dicaments, effets secondaires de la k\u00e9tamine, traitement de la d\u00e9pression, m\u00e9decine alternative, sant\u00e9 mentale, th\u00e9rapie assist\u00e9e par la k\u00e9tamine, recherche sur la k\u00e9tamine, l\u00e9gislation sur la k\u00e9tamine, conseils d&#039;experts, achat s\u00e9curis\u00e9 en ligne, consultation m\u00e9dicale, soutien psychologique, ressources m\u00e9dicales, informations sur la k\u00e9tamine, discussions sur la k\u00e9tamine, d\u00e9veloppement de produits, qualit\u00e9 de service, engagement envers la qualit\u00e9, s\u00e9curit\u00e9 des transactions, satisfaction client, am\u00e9liorations continues, \u00e9thique d&#039;entreprise, livraison rapide, accessibilit\u00e9 des produits, approvisionnement responsable, relations clients, solutions de sant\u00e9.","publisher":{"@id":"https:\/\/acheterketamine.com\/#organization"},"potentialAction":[{"@type":"SearchAction","target":{"@type":"EntryPoint","urlTemplate":"https:\/\/acheterketamine.com\/?s={search_term_string}"},"query-input":{"@type":"PropertyValueSpecification","valueRequired":true,"valueName":"search_term_string"}}],"inLanguage":"fr-FR"},{"@type":"Organization","@id":"https:\/\/acheterketamine.com\/#organization","name":"Acheter Ketamine France - +34617763108 - whatsapp signal telegram- panterarosa1772@gmail.com - Ketamine France Shop - O&ugrave; puis-je acheter de la k&eacute;tamine en ligne en France ? - ACHETER KETAMINE EN POUDRE - Threema:CJBZ5SZX&ndash; Nestor - Exp&eacute;dition depuis la France et les Pays-Bas rapide et s&ucirc;re","url":"https:\/\/acheterketamine.com\/","logo":{"@type":"ImageObject","inLanguage":"fr-FR","@id":"https:\/\/acheterketamine.com\/#\/schema\/logo\/image\/","url":"https:\/\/acheterketamine.com\/wp-content\/uploads\/2024\/10\/cropped-ketamine3.jpeg","contentUrl":"https:\/\/acheterketamine.com\/wp-content\/uploads\/2024\/10\/cropped-ketamine3.jpeg","width":768,"height":154,"caption":"Acheter Ketamine France - +34617763108 - whatsapp signal telegram-  panterarosa1772@gmail.com - Ketamine France Shop - O&ugrave; puis-je acheter de la k&eacute;tamine en ligne en France ? - ACHETER KETAMINE EN POUDRE - Threema:CJBZ5SZX&ndash; Nestor - Exp&eacute;dition depuis la France et les Pays-Bas rapide et s&ucirc;re"},"image":{"@id":"https:\/\/acheterketamine.com\/#\/schema\/logo\/image\/"}}]}},"_links":{"self":[{"href":"https:\/\/acheterketamine.com\/index.php\/wp-json\/wp\/v2\/pages\/74","targetHints":{"allow":["GET"]}}],"collection":[{"href":"https:\/\/acheterketamine.com\/index.php\/wp-json\/wp\/v2\/pages"}],"about":[{"href":"https:\/\/acheterketamine.com\/index.php\/wp-json\/wp\/v2\/types\/page"}],"author":[{"embeddable":true,"href":"https:\/\/acheterketamine.com\/index.php\/wp-json\/wp\/v2\/users\/1"}],"replies":[{"embeddable":true,"href":"https:\/\/acheterketamine.com\/index.php\/wp-json\/wp\/v2\/comments?post=74"}],"version-history":[{"count":0,"href":"https:\/\/acheterketamine.com\/index.php\/wp-json\/wp\/v2\/pages\/74\/revisions"}],"wp:attachment":[{"href":"https:\/\/acheterketamine.com\/index.php\/wp-json\/wp\/v2\/media?parent=74"}],"curies":[{"name":"wp","href":"https:\/\/api.w.org\/{rel}","templated":true}]}}